{"id":31,"date":"2020-06-20T20:56:23","date_gmt":"2020-06-20T20:56:23","guid":{"rendered":"https:\/\/www.ekostrov.pl\/?page_id=31"},"modified":"2025-12-11T12:32:41","modified_gmt":"2025-12-11T12:32:41","slug":"kontakt","status":"publish","type":"page","link":"https:\/\/www.ekostrov.pl\/index.php\/kontakt\/","title":{"rendered":"Kontakt"},"content":{"rendered":"\n<div class=\"wp-block-columns\">\n<div class=\"wp-block-column\">\n<p class=\"has-text-align-center\"><img loading=\"lazy\" width=\"512\" height=\"512\" class=\"wp-image-468\" style=\"width: 100px;\" src=\"https:\/\/www.ekostrov.pl\/wp-content\/uploads\/2022\/11\/computer.png\" alt=\"\" srcset=\"https:\/\/www.ekostrov.pl\/wp-content\/uploads\/2022\/11\/computer.png 512w, https:\/\/www.ekostrov.pl\/wp-content\/uploads\/2022\/11\/computer-300x300.png 300w, https:\/\/www.ekostrov.pl\/wp-content\/uploads\/2022\/11\/computer-150x150.png 150w\" sizes=\"(max-width: 512px) 100vw, 512px\" \/><br><strong>Sekretariat<\/strong><br>tel: +48 729 111 112<br>mail: <a href=\"mailto:biuro@ekostrov.pl\">biuro@ekostrov.pl<\/a> <\/p>\n<\/div>\n\n\n\n<div class=\"wp-block-column\">\n<p class=\"has-text-align-center\"><img loading=\"lazy\" width=\"512\" height=\"512\" class=\"wp-image-458\" style=\"width: 100px;\" src=\"https:\/\/www.ekostrov.pl\/wp-content\/uploads\/2022\/11\/recycle-bin.png\" alt=\"\" srcset=\"https:\/\/www.ekostrov.pl\/wp-content\/uploads\/2022\/11\/recycle-bin.png 512w, https:\/\/www.ekostrov.pl\/wp-content\/uploads\/2022\/11\/recycle-bin-300x300.png 300w, https:\/\/www.ekostrov.pl\/wp-content\/uploads\/2022\/11\/recycle-bin-150x150.png 150w\" sizes=\"(max-width: 512px) 100vw, 512px\" \/><br><strong>Dokumentacja BDO<\/strong><br>tel: +48 730 024 205<br>mail: <a href=\"mailto:bdo@ekostrov.pl\">bdo@ekostrov.pl<\/a> <\/p>\n<\/div>\n\n\n\n<div class=\"wp-block-column\">\n<p class=\"has-text-align-center\"><img loading=\"lazy\" width=\"512\" height=\"512\" class=\"wp-image-459\" style=\"width: 100px;\" src=\"https:\/\/www.ekostrov.pl\/wp-content\/uploads\/2022\/11\/recycling-truck-1.png\" alt=\"\" srcset=\"https:\/\/www.ekostrov.pl\/wp-content\/uploads\/2022\/11\/recycling-truck-1.png 512w, https:\/\/www.ekostrov.pl\/wp-content\/uploads\/2022\/11\/recycling-truck-1-300x300.png 300w, https:\/\/www.ekostrov.pl\/wp-content\/uploads\/2022\/11\/recycling-truck-1-150x150.png 150w\" sizes=\"(max-width: 512px) 100vw, 512px\" \/><br><strong>Odbi\u00f3r odpad\u00f3w \/ Logistyka<\/strong><br>tel: +48 515 356 205<br>mail: <a href=\"mailto:zlecenia@ekostrov.pl\">zlecenia@ekostrov.pl<\/a> <\/p>\n<\/div>\n<\/div>\n\n\n\n<hr class=\"wp-block-separator\"\/>\n\n\n\n<p class=\"has-text-align-center\"><span style=\"color:#e5a000\" class=\"has-inline-color\"> EKOSTROV Sp. z o.o.<\/span><br>ul. Z. Krasi\u0144skiego 29, 40-019 Katowice<br>NIP: 9542877052 REGON: 529756429<br>KRS: 0001129659 BDO: 000646031<br><br><strong>Realizujemy odbiory wy\u0142\u0105cznie bezpo\u015brednio od klient\u00f3w \u2014 nie \u015bwiadczymy us\u0142ug na miejscu.<\/strong><\/p>\n\n\n\n<p class=\"has-text-align-center\">Godziny otwarcia: <br>Poniedzia\u0142ek-Pi\u0105tek 8:00-16:00<br><br> Zapoznaj si\u0119 z nasz\u0105 polityk\u0105<a href=\"https:\/\/www.ekostrov.pl\/index.php\/rodo\/\"> RODO<\/a>  <br> <br>   <a href=\"https:\/\/www.linkedin.com\/company\/73883401\"><img loading=\"lazy\" width=\"512\" height=\"512\" class=\"wp-image-479\" style=\"width: 35px;\" src=\"https:\/\/www.ekostrov.pl\/wp-content\/uploads\/2022\/11\/linkedin.png\" alt=\"\" srcset=\"https:\/\/www.ekostrov.pl\/wp-content\/uploads\/2022\/11\/linkedin.png 512w, https:\/\/www.ekostrov.pl\/wp-content\/uploads\/2022\/11\/linkedin-300x300.png 300w, https:\/\/www.ekostrov.pl\/wp-content\/uploads\/2022\/11\/linkedin-150x150.png 150w\" sizes=\"(max-width: 512px) 100vw, 512px\" \/><\/a>    <a href=\"https:\/\/pl-pl.facebook.com\/ekostrovenviro\/\"><img loading=\"lazy\" width=\"512\" height=\"512\" class=\"wp-image-478\" style=\"width: 35px;\" src=\"https:\/\/www.ekostrov.pl\/wp-content\/uploads\/2022\/11\/facebook.png\" alt=\"\" srcset=\"https:\/\/www.ekostrov.pl\/wp-content\/uploads\/2022\/11\/facebook.png 512w, https:\/\/www.ekostrov.pl\/wp-content\/uploads\/2022\/11\/facebook-300x300.png 300w, https:\/\/www.ekostrov.pl\/wp-content\/uploads\/2022\/11\/facebook-150x150.png 150w\" sizes=\"(max-width: 512px) 100vw, 512px\" \/>   <\/a><a href=\"http:\/\/www.instagram.com\/ekostrovv\" data-type=\"URL\" data-id=\"www.instagram.com\/ekostrovv\"><img loading=\"lazy\" width=\"512\" height=\"512\" class=\"wp-image-485\" style=\"width: 35px;\" src=\"https:\/\/www.ekostrov.pl\/wp-content\/uploads\/2022\/11\/instagram.png\" alt=\"\" srcset=\"https:\/\/www.ekostrov.pl\/wp-content\/uploads\/2022\/11\/instagram.png 512w, https:\/\/www.ekostrov.pl\/wp-content\/uploads\/2022\/11\/instagram-300x300.png 300w, https:\/\/www.ekostrov.pl\/wp-content\/uploads\/2022\/11\/instagram-150x150.png 150w\" sizes=\"(max-width: 512px) 100vw, 512px\" \/><\/a><br><\/p>\n","protected":false},"excerpt":{"rendered":"<p>Sekretariattel: +48 729 111 112mail: biuro@ekostrov.pl Dokumentacja BDOtel: +48 730 024 205mail: bdo@ekostrov.pl Odbi\u00f3r odpad\u00f3w \/ Logistykatel: +48 515 356 205mail: zlecenia@ekostrov.pl EKOSTROV Sp. z o.o.ul. Z. Krasi\u0144skiego 29, 40-019 KatowiceNIP: 9542877052 REGON: 529756429KRS: 0001129659 BDO: 000646031 Realizujemy odbiory wy\u0142\u0105cznie bezpo\u015brednio od klient\u00f3w \u2014 nie \u015bwiadczymy us\u0142ug na miejscu. Godziny otwarcia: Poniedzia\u0142ek-Pi\u0105tek 8:00-16:00 Zapoznaj si\u0119 &#8230; <a title=\"Kontakt\" class=\"read-more\" href=\"https:\/\/www.ekostrov.pl\/index.php\/kontakt\/\" aria-label=\"More on Kontakt\">Czytaj dalej<\/a><\/p>\n","protected":false},"author":1,"featured_media":0,"parent":0,"menu_order":4,"comment_status":"closed","ping_status":"closed","template":"","meta":{"_monsterinsights_skip_tracking":false,"_monsterinsights_sitenote_active":false,"_monsterinsights_sitenote_note":"","_monsterinsights_sitenote_category":0},"_links":{"self":[{"href":"https:\/\/www.ekostrov.pl\/index.php\/wp-json\/wp\/v2\/pages\/31"}],"collection":[{"href":"https:\/\/www.ekostrov.pl\/index.php\/wp-json\/wp\/v2\/pages"}],"about":[{"href":"https:\/\/www.ekostrov.pl\/index.php\/wp-json\/wp\/v2\/types\/page"}],"author":[{"embeddable":true,"href":"https:\/\/www.ekostrov.pl\/index.php\/wp-json\/wp\/v2\/users\/1"}],"replies":[{"embeddable":true,"href":"https:\/\/www.ekostrov.pl\/index.php\/wp-json\/wp\/v2\/comments?post=31"}],"version-history":[{"count":78,"href":"https:\/\/www.ekostrov.pl\/index.php\/wp-json\/wp\/v2\/pages\/31\/revisions"}],"predecessor-version":[{"id":876,"href":"https:\/\/www.ekostrov.pl\/index.php\/wp-json\/wp\/v2\/pages\/31\/revisions\/876"}],"wp:attachment":[{"href":"https:\/\/www.ekostrov.pl\/index.php\/wp-json\/wp\/v2\/media?parent=31"}],"curies":[{"name":"wp","href":"https:\/\/api.w.org\/{rel}","templated":true}]}}